2*d = m - 2*d + 191. Let j be m/15 - (-2)/3. Let t(r) = r + 30. What is the remainder when t(j) is divided by 10?
9
Suppose 0 = -4*i + a + 35181, 5*i + 4*a = 18204 + 25788. What is the remainder when i is divided by 176?
172
Suppose 1122 = -6*w + 40*w. Calculate the remainder when w is divided by 6.
3
What is the remainder when 552 is divided by (-10)/(-15) - (6 + (-5526)/54)?
67
Suppose 37*d + 24*d = 488. Let v = -10 + 20. Calculate the remainder when d/10 - (-52)/v is divided by 5.
1
Let j = 4748 - 4734. What is the remainder when 4505 is divided by j?
11
What is the remainder when ((-63757)/(-309))/((16/12)/4) is divided by 79?
66
Let p = 1258 + -1153. Calculate the remainder when 2726 is divided by p.
101
Let p = 1624 + -1538. Let y(j) = -j**2 - 8*j + 16. Calculate the remainder when p is divided by y(-7).
17
Let t = -33999 + 34011. Calculate the remainder when 1786 is divided by t.
10
Let r(x) = -x**3 + x**2 + 93*x + 3. What is the remainder when 35 is divided by r(10)?
2
Let s = 113 - -278. Suppose 15*q - s - 239 = 0. What is the remainder when q is divided by 15?
12
Let n = 976 - 978. Let d(c) = 6*c**2 + 4 + 2 - 3*c**2 + 4*c. Calculate the remainder when 19 is divided by d(n).
9
Suppose -4*t - 5*p = -28, 5*t - 5*p = 51 - 16. What is the remainder when (-8 + t)/((-123)/122 + 1) is divided by 34?
20
Suppose -15127 - 129173 = -26*m. Calculate the remainder when m is divided by 61.
60
Let m be 20/((-11)/33 + (-2)/(-4)). Suppose -m = -17*h + 13*h. What is the remainder when h is divided by 16?
14
Suppose -n - q = -114, n = -n + 5*q + 249. Suppose n - 597 = -6*r. Calculate the remainder when 236 is divided by r.
76
Let k(j) = -9*j - 10. Let n be k(-3). Suppose 0 = -q + z + n, -3*z - 83 = -5*q + z. Calculate the remainder when 29 is divided by q.
14
Suppose 4 = -4*q - 40. Let b(t) = -19*t + 174. Let v(y) = -4*y + 35. Let u(j) = -2*b(j) + 11*v(j). Calculate the remainder when u(q) is divided by 27.
22
Let f = -70 + 62. What is the remainder when 100 is divided by (42 - 4)*(-4)/f - 1?
10
Let o = -14 - -21. Suppose o*j = 3*j + 8. Let m(a) = 15*a**2 - 5*a. Calculate the remainder when m(j) is divided by 17.
16
Let w(d) = 36*d**2 + 1976*d - 64. What is the remainder when w(-55) is divided by 85?
71
Let u = 46 - 31. Suppose -q = 18*q - 380. Calculate the remainder when (-40)/(-16)*208/q is divided by u.
11
Suppose k + 1 = 0, 11*w + k = 8*w + 11. Suppose w*s = -0*d + d - 20, 0 = -5*s. Suppose 5*z + 123 - 613 = 0. What is the remainder when z is divided by d?
18
Let u(o) = -14*o**3. Suppose -5*g = 25, -5*s + 4*g - 3*g + 9440 = 0. Let x = -1735 + s. What is the remainder when x is divided by u(-1)?
12
Let z(p) = p**2 - p + 8. Let o be z(0). What is the remainder when 2 + 4/(o/326) is divided by (-30 - -25)*((-32)/5 + -2)?
39
Let j = 6 - 4. Suppose 0 = -j*a + 6*a - 68. What is the remainder when (2 - 30)*(-35)/20 is divided by a?
15
Let v(m) = -11*m + 33. Let q be 3/(1*(0 + -1)). Calculate the remainder when v(-8) is divided by 3*(-40)/(-4) - 3/q.
28
Calculate the remainder when (-88 + -4)/(40/(-2780)) is divided by 20.
14
Suppose -1022 = -25*k + 1003. Let b = -65 + k. What is the remainder when 23 is divided by b?
7
What is the remainder when 377 is divided by 3 - (1378/(-159))/((4/18)/1)?
41
Let n = 179 - 176. What is the remainder when (-1 + n)/1 - (2 - 5) is divided by 1?
0
Suppose -8*v = -6*v - 156. Let a = 204 + -219. Let o(b) = -3*b - 25. What is the remainder when v is divided by o(a)?
18
Suppose 34*m - 38*m + 5*k = -685, -2*m - 5*k + 365 = 0. Calculate the remainder when m is divided by 37.
27
Calculate the remainder when 2123 is divided by (-6)/123 + 26750/2050.
4
Let r(a) = a**2 - 37*a + 223. Let z = 747 + -709. What is the remainder when r(z) is divided by 53?
49
Let k = -3 - -33. Suppose b = 9*b + 74*b - 157*b + 47100. What is the remainder when b is divided by k?
28
Let l(t) = -32*t + 2501. Calculate the remainder when 192 is divided by l(75).
91
Let c(p) = 4*p**2 + 2*p + 5. Suppose 0 = 5*d - 0*d - 20. Let w = 8789 - 8763. Calculate the remainder when c(d) is divided by w.
25
Let u(k) be the first derivative of -k**3/3 - 33*k**2/2 - 28*k - 46. Calculate the remainder when u(-25) is divided by 25.
22
Let g = -4 + 6. Let x(o) = -o**2 - 21*o + 86. What is the remainder when (41/3)/(g/6) is divided by x(-24)?
13
Let z = 2153 + -1970. Calculate the remainder when z is divided by 3.
0
Let b(z) = 9*z - 108. Let f be b(12). Suppose 0 = -f*a - 39*a + 2574. Calculate the remainder when a is divided by 37.
29
Suppose -3*s + 782 = -4*u, -2*u - s - 230 - 156 = 0. Let y = -179 - u. What is the remainder when 54 is divided by y?
9
Suppose 125 + 189 = 6*v + 80. Calculate the remainder when 366 is divided by v.
15
Let w(o) = o**3 + 10*o**2 + 7*o - 11. Let u be w(-10). Let b be 2*42/(-18)*15. Let c = b - u. What is the remainder when 75 is divided by c?
9
Let r be (4/(-3))/(((-22)/(-30))/(-11)). What is the remainder when 16/(-20) - (-1756)/r is divided by 11?
10
Let u(k) = 4*k + 31. Let a be u(-6). Let f = a + 9. Suppose -4*g = -232 - 204. What is the remainder when g is divided by f?
13
Let w(v) be the first derivative of -v**4/4 - v**3 - v**2/2 + 6*v + 1. Calculate the remainder when w(-6) is divided by -7 - 76/(-5)*((-1625)/(-780))/(15/18).
27
Suppose 0 = -3*o + 1 + 8, -4*k - o + 19 = 0. Suppose -4*u + 9*z - k*z + 137 = 0, 2*z = u - 32. Calculate the remainder when 1367 is divided by u.
37
Let t be (10/(-15))/(6/(-819)). Let k = t + -25. Suppose -3*h - 3*m = -0*h - k, -98 = -5*h + m. Calculate the remainder when h is divided by 13.
7
Let g(l) = 6*l**2 - 36 - 11*l**2 - l**2 + 14*l + 5*l**2. Calculate the remainder when 51 is divided by g(5).
6
Let o(q) = 12*q**2. Let z be o(1). Let c = 5858 - 4076. Suppose -3*m + z*m - c = 0. Calculate the remainder when m is divided by 40.
38
Let d be ((-2)/3)/(66605/(-9513) + 7). Suppose -d*y + 450*y = -39. Calculate the remainder when 103 is divided by y.
12
Suppose 4*z = z - 3, 5*v + 4*z - 326 = 0. What is the remainder when 37 is divided by v/(12/(-4))*(6 - 7)?
15
Suppose -99*q - 418 = -110*q. What is the remainder when 832 is divided by q?
34
Suppose -114*k + 146 + 8746 = 0. What is the remainder when 2729 is divided by k?
77
Calculate the remainder when 177 is divided by -1*(-179)/5 - 24/30.
2
Let l(h) = -54*h + 1111. What is the remainder when 2726 is divided by l(20)?
29
Suppose 4*n = c + 20, -n + 2 = -3*c - 3. Suppose c = -39*l + 13*l + 3328. Calculate the remainder when l is divided by 26.
24
Let w = 287 + -130. What is the remainder when w is divided by (-420)/(-16) - (-48)/64?
22
Suppose 0 = -y + 8*y + 14. Let l be (-7868)/32 + y/16. What is the remainder when -2 - l/2*(-2)/(-6) is divided by 8?
7
Suppose 0 = -4*j - 3*m + 3487, 3*j + 3*m = 5*j - 1757. Let o = j + -854. What is the remainder when o is divided by 12?
8
Let n(i) = -i**2 - 12*i - 7. Suppose 4*x + 44 = -4*h + 2*x, h + 11 = 4*x. Let q be n(h). Suppose q*c - 115 = -c. What is the remainder when 68 is divided by c?
22
Let d(y) be the second derivative of -5*y**3/3 - 23*y**2/2 - 4*y - 1. Calculate the remainder when 83 is divided by d(-4).
15
Suppose -p + 5*y + 157 = 0, -24*p = -25*p - 5*y + 107. Calculate the remainder when p is divided by 3.
0
Let j be (5 - -2) + (2 - -2)/4. Suppose h - 190 = -4*b, j*h - 134 = -3*b + 3*h. Suppose 9*k - b = k. What is the remainder when 14 is divided by k?
2
Let h be (-21)/(-2) + (-2)/(-4). Suppose -8*x - 60 = -h*x. Calculate the remainder when 79 is divided by x.
19
Let r be ((-2)/4*4)/(1/11). Let y(g) = -g**3 - 21*g**2 - 20*g + 31. Let b be y(-20). Let a = r + b. Calculate the remainder when 19 is divided by a.
1
Suppose -178*g + 4101 = -2485. What is the remainder when 311 is divided by g?
15
Suppose -37 = -3*g + 38. Suppose 70 = -2*i + 82. Suppose 0 = -i*y - 22*y + 1204. Calculate the remainder when y is divided by g.
18
Let m = -2726 - -2766. What is the remainder when 406 is divided by m?
6
Let d(c) = 1629*c**2 - 7214*c - 3. What is the remainder when d(6) is divided by 80?
77
Suppose 1017*k - 973*k = 8844. What is the remainder when 304 is divided by k?
103
Let d(w) = -w**3 + 3*w**2 - 2*w + 2. Let c(n) = -1111 - 16*n - 27*n + 649. Calculate the remainder when c(-11) is divided by d(2).
1
Suppose 115*k - 